{"id":2361,"date":"2024-09-17T17:02:39","date_gmt":"2024-09-17T20:02:39","guid":{"rendered":"https:\/\/unibellemoveis.com.br\/?post_type=product&#038;p=2361"},"modified":"2025-07-23T23:15:00","modified_gmt":"2025-07-24T02:15:00","slug":"calista-compact-kitchen","status":"publish","type":"product","link":"https:\/\/unibellemoveis.com.br\/en\/product\/calista-compact-kitchen\/","title":{"rendered":"Calista Compact Kitchen"},"content":{"rendered":"<div class=\"flex-shrink-0 flex flex-col relative items-end\">\n<div class=\"pt-0.5 juice:pt-0\">\n<div class=\"gizmo-bot-avatar flex h-6 w-6 items-center justify-center overflow-hidden rounded-full juice:h-8 juice:w-8\">\n<div class=\"relative p-1 rounded-sm flex items-center justify-center bg-token-main-surface-primary text-token-text-primary h-8 w-8\">\n<h3>Calista Compact Kitchen \u2013 Sophistication and Functionality<\/h3>\n<p>If you want to optimize your kitchen space with style and functionality, <strong>Calista Compact Kitchen<\/strong>\u00a0It&#039;s the perfect solution. With a modern and elegant design, it offers practicality for everyday use and is ideal for compact spaces seeking organization and beauty.<\/p>\n<p><strong>Product Differentiators:<\/strong><\/p>\n<ul>\n<li>Produced in <strong>100% MDP 15mm<\/strong>, ensuring durability and resistance<\/li>\n<li><strong>Black handles<\/strong> sophisticated that complement the modern look<\/li>\n<li><strong>Metal slide<\/strong> for smooth sliding of drawers<\/li>\n<li><strong>Height-adjustable feet<\/strong>, providing flexibility in installation<\/li>\n<li>Dedicated space for <strong>oven<\/strong> and <strong>microwave<\/strong>, optimizing the use of space<\/li>\n<li><strong>Internal shelf<\/strong> for better organization of utensils<\/li>\n<li>Recessed lower doors, providing a more refined finish<\/li>\n<\/ul>\n<p><strong>Technical Specifications:<\/strong><\/p>\n<ul>\n<li><strong>Height:<\/strong> 202 cm<\/li>\n<li><strong>Width:<\/strong> 160 cm<\/li>\n<li><strong>Depth:<\/strong> 52 cm<\/li>\n<li><strong>Material thickness:<\/strong> 15 mm<\/li>\n<li><strong>Cubic capacity:<\/strong> 0.103 m\u00b3<\/li>\n<li><strong>Weight:<\/strong> 55 kg<\/li>\n<li><strong>Volumes:<\/strong> 1<\/li>\n<\/ul>\n<p>The combination of colors <strong>Graphite<\/strong> and <strong>Dakar Honey<\/strong> It brings a sophisticated and contemporary touch to your kitchen, creating a more harmonious and practical space. Furthermore, the dedicated space for the oven and microwave helps to further optimize kitchen space, allowing for greater comfort and ease of use.<\/p>\n<p>Check out all the models: <a href=\"https:\/\/unibellemoveis.com.br\/en\/product-category\/kitchen\/\">https:\/\/unibellemoveis.com.br\/categoria-produto\/cozinha\/<\/a><\/p>\n<\/div>\n<\/div>\n<\/div>\n<\/div>","protected":false},"excerpt":{"rendered":"<p>Cozinha Compacta Calista &#8211; Sofistica\u00e7\u00e3o e Funcionalidade Se voc\u00ea deseja otimizar o espa\u00e7o da sua cozinha com estilo e funcionalidade,<\/p>","protected":false},"featured_media":2366,"comment_status":"open","ping_status":"closed","template":"","meta":{"_joinchat":[]},"product_brand":[],"product_cat":[168,29],"product_tag":[],"class_list":{"0":"post-2361","1":"product","2":"type-product","3":"status-publish","4":"has-post-thumbnail","6":"product_cat-cozinha-compacta","7":"product_cat-cozinha","9":"first","10":"outofstock","11":"sale","12":"shipping-taxable","13":"purchasable","14":"product-type-simple"},"yoast_head":"<!-- This site is optimized with the Yoast SEO plugin v26.0 - https:\/\/yoast.com\/wordpress\/plugins\/seo\/ -->\n<title>Cozinha Compacta Calista - Unibelle M\u00f3veis<\/title>\n<meta name=\"description\" content=\"Cozinha Compacta Calista Descubra a Cozinha Compacta Calista que vai elevar a decora\u00e7\u00e3o do seu ambiente. Encomende j\u00e1 a sua!\" \/>\n<meta name=\"robots\" content=\"index, follow, max-snippet:-1, max-image-preview:large, max-video-preview:-1\" \/>\n<link rel=\"canonical\" href=\"https:\/\/unibellemoveis.com.br\/en\/product\/calista-compact-kitchen\/\" \/>\n<meta property=\"og:locale\" content=\"en_US\" \/>\n<meta property=\"og:type\" content=\"article\" \/>\n<meta property=\"og:title\" content=\"Cozinha Compacta Calista - Unibelle M\u00f3veis\" \/>\n<meta property=\"og:description\" content=\"Cozinha Compacta Calista Descubra a Cozinha Compacta Calista que vai elevar a decora\u00e7\u00e3o do seu ambiente. Encomende j\u00e1 a sua!\" \/>\n<meta property=\"og:url\" content=\"https:\/\/unibellemoveis.com.br\/en\/product\/calista-compact-kitchen\/\" \/>\n<meta property=\"og:site_name\" content=\"Unibelle M\u00f3veis\" \/>\n<meta property=\"article:modified_time\" content=\"2025-07-24T02:15:00+00:00\" \/>\n<meta property=\"og:image\" content=\"https:\/\/unibellemoveis.com.br\/wp-content\/uploads\/2024\/09\/CALISTA.webp\" \/>\n\t<meta property=\"og:image:width\" content=\"1000\" \/>\n\t<meta property=\"og:image:height\" content=\"1000\" \/>\n\t<meta property=\"og:image:type\" content=\"image\/webp\" \/>\n<meta name=\"twitter:card\" content=\"summary_large_image\" \/>\n<meta name=\"twitter:label1\" content=\"Est. reading time\" \/>\n\t<meta name=\"twitter:data1\" content=\"2 minutes\" \/>\n<script type=\"application\/ld+json\" class=\"yoast-schema-graph\">{\"@context\":\"https:\/\/schema.org\",\"@graph\":[{\"@type\":\"WebPage\",\"@id\":\"https:\/\/unibellemoveis.com.br\/produto\/cozinha-compacta-calista\/\",\"url\":\"https:\/\/unibellemoveis.com.br\/produto\/cozinha-compacta-calista\/\",\"name\":\"Cozinha Compacta Calista - Unibelle M\u00f3veis\",\"isPartOf\":{\"@id\":\"https:\/\/unibellemoveis.com.br\/#website\"},\"primaryImageOfPage\":{\"@id\":\"https:\/\/unibellemoveis.com.br\/produto\/cozinha-compacta-calista\/#primaryimage\"},\"image\":{\"@id\":\"https:\/\/unibellemoveis.com.br\/produto\/cozinha-compacta-calista\/#primaryimage\"},\"thumbnailUrl\":\"https:\/\/unibellemoveis.com.br\/wp-content\/uploads\/2024\/09\/CALISTA.webp\",\"datePublished\":\"2024-09-17T20:02:39+00:00\",\"dateModified\":\"2025-07-24T02:15:00+00:00\",\"description\":\"Cozinha Compacta Calista Descubra a Cozinha Compacta Calista que vai elevar a decora\u00e7\u00e3o do seu ambiente. Encomende j\u00e1 a sua!\",\"breadcrumb\":{\"@id\":\"https:\/\/unibellemoveis.com.br\/produto\/cozinha-compacta-calista\/#breadcrumb\"},\"inLanguage\":\"en-US\",\"potentialAction\":[{\"@type\":\"ReadAction\",\"target\":[\"https:\/\/unibellemoveis.com.br\/produto\/cozinha-compacta-calista\/\"]}]},{\"@type\":\"ImageObject\",\"inLanguage\":\"en-US\",\"@id\":\"https:\/\/unibellemoveis.com.br\/produto\/cozinha-compacta-calista\/#primaryimage\",\"url\":\"https:\/\/unibellemoveis.com.br\/wp-content\/uploads\/2024\/09\/CALISTA.webp\",\"contentUrl\":\"https:\/\/unibellemoveis.com.br\/wp-content\/uploads\/2024\/09\/CALISTA.webp\",\"width\":1000,\"height\":1000,\"caption\":\"Calista\"},{\"@type\":\"BreadcrumbList\",\"@id\":\"https:\/\/unibellemoveis.com.br\/produto\/cozinha-compacta-calista\/#breadcrumb\",\"itemListElement\":[{\"@type\":\"ListItem\",\"position\":1,\"name\":\"In\u00edcio\",\"item\":\"https:\/\/unibellemoveis.com.br\/\"},{\"@type\":\"ListItem\",\"position\":2,\"name\":\"Produtos\",\"item\":\"https:\/\/unibellemoveis.com.br\/produtos\/\"},{\"@type\":\"ListItem\",\"position\":3,\"name\":\"Cozinha Compacta Calista\"}]},{\"@type\":\"WebSite\",\"@id\":\"https:\/\/unibellemoveis.com.br\/#website\",\"url\":\"https:\/\/unibellemoveis.com.br\/\",\"name\":\"Unibelle M\u00f3veis\",\"description\":\"Unibelle M\u00f3veis\",\"publisher\":{\"@id\":\"https:\/\/unibellemoveis.com.br\/#organization\"},\"potentialAction\":[{\"@type\":\"SearchAction\",\"target\":{\"@type\":\"EntryPoint\",\"urlTemplate\":\"https:\/\/unibellemoveis.com.br\/?s={search_term_string}\"},\"query-input\":{\"@type\":\"PropertyValueSpecification\",\"valueRequired\":true,\"valueName\":\"search_term_string\"}}],\"inLanguage\":\"en-US\"},{\"@type\":\"Organization\",\"@id\":\"https:\/\/unibellemoveis.com.br\/#organization\",\"name\":\"Unibele M\u00f3veis\",\"alternateName\":\"Unibele M\u00f3veis\",\"url\":\"https:\/\/unibellemoveis.com.br\/\",\"logo\":{\"@type\":\"ImageObject\",\"inLanguage\":\"en-US\",\"@id\":\"https:\/\/unibellemoveis.com.br\/#\/schema\/logo\/image\/\",\"url\":\"https:\/\/unibellemoveis.com.br\/wp-content\/uploads\/2024\/04\/Logo-02.webp\",\"contentUrl\":\"https:\/\/unibellemoveis.com.br\/wp-content\/uploads\/2024\/04\/Logo-02.webp\",\"width\":2363,\"height\":754,\"caption\":\"Unibele M\u00f3veis\"},\"image\":{\"@id\":\"https:\/\/unibellemoveis.com.br\/#\/schema\/logo\/image\/\"}}]}<\/script>\n<!-- \/ Yoast SEO plugin. -->","yoast_head_json":{"title":"Calista Compact Kitchen - Unibelle Furniture","description":"Calista Compact Kitchen Discover the Calista Compact Kitchen that will elevate your decor. Order yours now!","robots":{"index":"index","follow":"follow","max-snippet":"max-snippet:-1","max-image-preview":"max-image-preview:large","max-video-preview":"max-video-preview:-1"},"canonical":"https:\/\/unibellemoveis.com.br\/en\/product\/calista-compact-kitchen\/","og_locale":"en_US","og_type":"article","og_title":"Cozinha Compacta Calista - Unibelle M\u00f3veis","og_description":"Cozinha Compacta Calista Descubra a Cozinha Compacta Calista que vai elevar a decora\u00e7\u00e3o do seu ambiente. Encomende j\u00e1 a sua!","og_url":"https:\/\/unibellemoveis.com.br\/en\/product\/calista-compact-kitchen\/","og_site_name":"Unibelle M\u00f3veis","article_modified_time":"2025-07-24T02:15:00+00:00","og_image":[{"width":1000,"height":1000,"url":"https:\/\/unibellemoveis.com.br\/wp-content\/uploads\/2024\/09\/CALISTA.webp","type":"image\/webp"}],"twitter_card":"summary_large_image","twitter_misc":{"Est. reading time":"2 minutes"},"schema":{"@context":"https:\/\/schema.org","@graph":[{"@type":"WebPage","@id":"https:\/\/unibellemoveis.com.br\/produto\/cozinha-compacta-calista\/","url":"https:\/\/unibellemoveis.com.br\/produto\/cozinha-compacta-calista\/","name":"Calista Compact Kitchen - Unibelle Furniture","isPartOf":{"@id":"https:\/\/unibellemoveis.com.br\/#website"},"primaryImageOfPage":{"@id":"https:\/\/unibellemoveis.com.br\/produto\/cozinha-compacta-calista\/#primaryimage"},"image":{"@id":"https:\/\/unibellemoveis.com.br\/produto\/cozinha-compacta-calista\/#primaryimage"},"thumbnailUrl":"https:\/\/unibellemoveis.com.br\/wp-content\/uploads\/2024\/09\/CALISTA.webp","datePublished":"2024-09-17T20:02:39+00:00","dateModified":"2025-07-24T02:15:00+00:00","description":"Calista Compact Kitchen Discover the Calista Compact Kitchen that will elevate your decor. Order yours now!","breadcrumb":{"@id":"https:\/\/unibellemoveis.com.br\/produto\/cozinha-compacta-calista\/#breadcrumb"},"inLanguage":"en-US","potentialAction":[{"@type":"ReadAction","target":["https:\/\/unibellemoveis.com.br\/produto\/cozinha-compacta-calista\/"]}]},{"@type":"ImageObject","inLanguage":"en-US","@id":"https:\/\/unibellemoveis.com.br\/produto\/cozinha-compacta-calista\/#primaryimage","url":"https:\/\/unibellemoveis.com.br\/wp-content\/uploads\/2024\/09\/CALISTA.webp","contentUrl":"https:\/\/unibellemoveis.com.br\/wp-content\/uploads\/2024\/09\/CALISTA.webp","width":1000,"height":1000,"caption":"Calista"},{"@type":"BreadcrumbList","@id":"https:\/\/unibellemoveis.com.br\/produto\/cozinha-compacta-calista\/#breadcrumb","itemListElement":[{"@type":"ListItem","position":1,"name":"In\u00edcio","item":"https:\/\/unibellemoveis.com.br\/"},{"@type":"ListItem","position":2,"name":"Produtos","item":"https:\/\/unibellemoveis.com.br\/produtos\/"},{"@type":"ListItem","position":3,"name":"Cozinha Compacta Calista"}]},{"@type":"WebSite","@id":"https:\/\/unibellemoveis.com.br\/#website","url":"https:\/\/unibellemoveis.com.br\/","name":"Unibelle Furniture","description":"Unibelle Furniture","publisher":{"@id":"https:\/\/unibellemoveis.com.br\/#organization"},"potentialAction":[{"@type":"SearchAction","target":{"@type":"EntryPoint","urlTemplate":"https:\/\/unibellemoveis.com.br\/?s={search_term_string}"},"query-input":{"@type":"PropertyValueSpecification","valueRequired":true,"valueName":"search_term_string"}}],"inLanguage":"en-US"},{"@type":"Organization","@id":"https:\/\/unibellemoveis.com.br\/#organization","name":"Unibele M\u00f3veis","alternateName":"Unibele M\u00f3veis","url":"https:\/\/unibellemoveis.com.br\/","logo":{"@type":"ImageObject","inLanguage":"en-US","@id":"https:\/\/unibellemoveis.com.br\/#\/schema\/logo\/image\/","url":"https:\/\/unibellemoveis.com.br\/wp-content\/uploads\/2024\/04\/Logo-02.webp","contentUrl":"https:\/\/unibellemoveis.com.br\/wp-content\/uploads\/2024\/04\/Logo-02.webp","width":2363,"height":754,"caption":"Unibele M\u00f3veis"},"image":{"@id":"https:\/\/unibellemoveis.com.br\/#\/schema\/logo\/image\/"}}]}},"_links":{"self":[{"href":"https:\/\/unibellemoveis.com.br\/en\/wp-json\/wp\/v2\/product\/2361","targetHints":{"allow":["GET"]}}],"collection":[{"href":"https:\/\/unibellemoveis.com.br\/en\/wp-json\/wp\/v2\/product"}],"about":[{"href":"https:\/\/unibellemoveis.com.br\/en\/wp-json\/wp\/v2\/types\/product"}],"replies":[{"embeddable":true,"href":"https:\/\/unibellemoveis.com.br\/en\/wp-json\/wp\/v2\/comments?post=2361"}],"version-history":[{"count":2,"href":"https:\/\/unibellemoveis.com.br\/en\/wp-json\/wp\/v2\/product\/2361\/revisions"}],"predecessor-version":[{"id":2777,"href":"https:\/\/unibellemoveis.com.br\/en\/wp-json\/wp\/v2\/product\/2361\/revisions\/2777"}],"wp:featuredmedia":[{"embeddable":true,"href":"https:\/\/unibellemoveis.com.br\/en\/wp-json\/wp\/v2\/media\/2366"}],"wp:attachment":[{"href":"https:\/\/unibellemoveis.com.br\/en\/wp-json\/wp\/v2\/media?parent=2361"}],"wp:term":[{"taxonomy":"product_brand","embeddable":true,"href":"https:\/\/unibellemoveis.com.br\/en\/wp-json\/wp\/v2\/product_brand?post=2361"},{"taxonomy":"product_cat","embeddable":true,"href":"https:\/\/unibellemoveis.com.br\/en\/wp-json\/wp\/v2\/product_cat?post=2361"},{"taxonomy":"product_tag","embeddable":true,"href":"https:\/\/unibellemoveis.com.br\/en\/wp-json\/wp\/v2\/product_tag?post=2361"}],"curies":[{"name":"wp","href":"https:\/\/api.w.org\/{rel}","templated":true}]}}

<p>Cozinha Compacta Calista &#8211; Sofisticação e Funcionalidade Se você deseja otimizar o espaço da sua cozinha com estilo e funcionalidade,</p>

<!-- This site is optimized with the Yoast SEO plugin v26.0 - https://yoast.com/wordpress/plugins/seo/ -->
<title>Cozinha Compacta Calista - Unibelle Móveis</title>
<meta name="description" content="Cozinha Compacta Calista Descubra a Cozinha Compacta Calista que vai elevar a decoração do seu ambiente. Encomende já a sua!" />
<meta name="robots" content="index, follow, max-snippet:-1, max-image-preview:large, max-video-preview:-1" />
<link rel="canonical" href="https://unibellemoveis.com.br/en/product/calista-compact-kitchen/" />
<meta property="og:locale" content="en_US" />
<meta property="og:type" content="article" />
<meta property="og:title" content="Cozinha Compacta Calista - Unibelle Móveis" />
<meta property="og:description" content="Cozinha Compacta Calista Descubra a Cozinha Compacta Calista que vai elevar a decoração do seu ambiente. Encomende já a sua!" />
<meta property="og:url" content="https://unibellemoveis.com.br/en/product/calista-compact-kitchen/" />
<meta property="og:site_name" content="Unibelle Móveis" />
<meta property="article:modified_time" content="2025-07-24T02:15:00+00:00" />
<meta property="og:image" content="https://unibellemoveis.com.br/wp-content/uploads/2024/09/CALISTA.webp" />
	<meta property="og:image:width" content="1000" />
	<meta property="og:image:height" content="1000" />
	<meta property="og:image:type" content="image/webp" />
<meta name="twitter:card" content="summary_large_image" />
<meta name="twitter:label1" content="Est. reading time" />
	<meta name="twitter:data1" content="2 minutes" />
<script type="application/ld+json" class="yoast-schema-graph">{"@context":"https://schema.org","@graph":[{"@type":"WebPage","@id":"https://unibellemoveis.com.br/produto/cozinha-compacta-calista/","url":"https://unibellemoveis.com.br/produto/cozinha-compacta-calista/","name":"Cozinha Compacta Calista - Unibelle Móveis","isPartOf":{"@id":"https://unibellemoveis.com.br/#website"},"primaryImageOfPage":{"@id":"https://unibellemoveis.com.br/produto/cozinha-compacta-calista/#primaryimage"},"image":{"@id":"https://unibellemoveis.com.br/produto/cozinha-compacta-calista/#primaryimage"},"thumbnailUrl":"https://unibellemoveis.com.br/wp-content/uploads/2024/09/CALISTA.webp","datePublished":"2024-09-17T20:02:39+00:00","dateModified":"2025-07-24T02:15:00+00:00","description":"Cozinha Compacta Calista Descubra a Cozinha Compacta Calista que vai elevar a decoração do seu ambiente. Encomende já a sua!","breadcrumb":{"@id":"https://unibellemoveis.com.br/produto/cozinha-compacta-calista/#breadcrumb"},"inLanguage":"en-US","potentialAction":[{"@type":"ReadAction","target":["https://unibellemoveis.com.br/produto/cozinha-compacta-calista/"]}]},{"@type":"ImageObject","inLanguage":"en-US","@id":"https://unibellemoveis.com.br/produto/cozinha-compacta-calista/#primaryimage","url":"https://unibellemoveis.com.br/wp-content/uploads/2024/09/CALISTA.webp","contentUrl":"https://unibellemoveis.com.br/wp-content/uploads/2024/09/CALISTA.webp","width":1000,"height":1000,"caption":"Calista"},{"@type":"BreadcrumbList","@id":"https://unibellemoveis.com.br/produto/cozinha-compacta-calista/#breadcrumb","itemListElement":[{"@type":"ListItem","position":1,"name":"Início","item":"https://unibellemoveis.com.br/"},{"@type":"ListItem","position":2,"name":"Produtos","item":"https://unibellemoveis.com.br/produtos/"},{"@type":"ListItem","position":3,"name":"Cozinha Compacta Calista"}]},{"@type":"WebSite","@id":"https://unibellemoveis.com.br/#website","url":"https://unibellemoveis.com.br/","name":"Unibelle Móveis","description":"Unibelle Móveis","publisher":{"@id":"https://unibellemoveis.com.br/#organization"},"potentialAction":[{"@type":"SearchAction","target":{"@type":"EntryPoint","urlTemplate":"https://unibellemoveis.com.br/?s={search_term_string}"},"query-input":{"@type":"PropertyValueSpecification","valueRequired":true,"valueName":"search_term_string"}}],"inLanguage":"en-US"},{"@type":"Organization","@id":"https://unibellemoveis.com.br/#organization","name":"Unibele Móveis","alternateName":"Unibele Móveis","url":"https://unibellemoveis.com.br/","logo":{"@type":"ImageObject","inLanguage":"en-US","@id":"https://unibellemoveis.com.br/#/schema/logo/image/","url":"https://unibellemoveis.com.br/wp-content/uploads/2024/04/Logo-02.webp","contentUrl":"https://unibellemoveis.com.br/wp-content/uploads/2024/04/Logo-02.webp","width":2363,"height":754,"caption":"Unibele Móveis"},"image":{"@id":"https://unibellemoveis.com.br/#/schema/logo/image/"}}]}</script>
<!-- / Yoast SEO plugin. -->

Cozinha Compacta Calista - Unibelle Móveis

Cozinha Compacta Calista Descubra a Cozinha Compacta Calista que vai elevar a decoração do seu ambiente. Encomende já a sua!

Unibelle Móveis

Início

Unibele Móveis
