{"id":2525,"date":"2024-09-18T15:17:53","date_gmt":"2024-09-18T18:17:53","guid":{"rendered":"https:\/\/unibellemoveis.com.br\/?post_type=product&#038;p=2525"},"modified":"2024-09-18T15:34:03","modified_gmt":"2024-09-18T18:34:03","slug":"balcao-retro","status":"publish","type":"product","link":"https:\/\/unibellemoveis.com.br\/en\/product\/balcao-retro\/","title":{"rendered":"Retro Counter\u00a0"},"content":{"rendered":"<div class=\"flex-shrink-0 flex flex-col relative items-end\">\n<div class=\"pt-0.5 juice:pt-0\">\n<div class=\"gizmo-bot-avatar flex h-6 w-6 items-center justify-center overflow-hidden rounded-full juice:h-8 juice:w-8\">\n<div class=\"relative p-1 rounded-sm flex items-center justify-center bg-token-main-surface-primary text-token-text-primary h-8 w-8\">\n<h3>Retro Counter<\/h3>\n<p>THE <strong>Retro Counter with 2 Doors<\/strong> in colors <strong>Graphite and Honey Dakar<\/strong> It&#039;s the perfect combination of vintage style and modern functionality. With its retro design and solid wood legs, it&#039;s ideal for complementing the decor of your living room, dining room, or even home office. The counter offers enough space to store decorative items, crockery, or other essentials, keeping the space elegantly organized.<\/p>\n<p><strong>Product Differentiators:<\/strong><\/p>\n<ul>\n<li>Produced in <strong>100% MDP 15mm<\/strong>, ensuring durability and resistance<\/li>\n<li><strong>2 sliding doors<\/strong>which facilitate access to internal compartments and help maintain organization.<\/li>\n<li><strong>Solid wood feet<\/strong>which provide stability and a retro charm to the furniture.<\/li>\n<li><strong>Internal shelves<\/strong>, optimizing space for storing various items<\/li>\n<\/ul>\n<p><strong>Technical Specifications:<\/strong><\/p>\n<ul>\n<li><strong>Height:<\/strong> 60 cm<\/li>\n<li><strong>Width:<\/strong> 120 cm<\/li>\n<li><strong>Depth:<\/strong> 30 cm<\/li>\n<li><strong>Material thickness:<\/strong> 15 mm<\/li>\n<li><strong>Cubic capacity:<\/strong> 0.035 m\u00b3<\/li>\n<li><strong>Weight:<\/strong> 24 kg<\/li>\n<li><strong>Volumes:<\/strong> 1<\/li>\n<\/ul>\n<p>THE <strong>Retro Counter<\/strong>\u00a0It&#039;s the perfect choice for those who want a retro touch in their decor, offering functionality and style in a single piece of furniture.<\/p>\n<p>Discover all the models: <a href=\"https:\/\/unibellemoveis.com.br\/en\/product-category\/room\/\">https:\/\/unibellemoveis.com.br\/categoria-produto\/sala\/<\/a><\/p>\n<\/div>\n<\/div>\n<\/div>\n<\/div>","protected":false},"excerpt":{"rendered":"<p>THE <strong>Retro Counter with 2 Doors<\/strong> in colors <strong>Graphite and Honey Dakar<\/strong> It&#039;s the perfect combination of vintage style and modern functionality. With its retro design and solid wood legs, it&#039;s ideal for complementing the decor of your living room, dining room, or even home office. The counter offers enough space to store decorative items, crockery, or other essentials, keeping the space elegantly organized.<\/p>","protected":false},"featured_media":2522,"comment_status":"open","ping_status":"closed","template":"","meta":{"_joinchat":[]},"product_brand":[],"product_cat":[30],"product_tag":[],"class_list":{"0":"post-2525","1":"product","2":"type-product","3":"status-publish","4":"has-post-thumbnail","6":"product_cat-sala","8":"first","9":"instock","10":"shipping-taxable","11":"product-type-simple"},"yoast_head":"<!-- This site is optimized with the Yoast SEO plugin v26.0 - https:\/\/yoast.com\/wordpress\/plugins\/seo\/ -->\n<title>Balc\u00e3o Retr\u00f4\u00a0 - Unibelle M\u00f3veis<\/title>\n<meta name=\"description\" content=\"Balc\u00e3o Retr\u00f4\u00a0 Descubra o aparador perfeito para complementar a decora\u00e7\u00e3o do seu ambiente. Com design moderno e vers\u00e1til. Adquira j\u00e1 o seu!\" \/>\n<meta name=\"robots\" content=\"index, follow, max-snippet:-1, max-image-preview:large, max-video-preview:-1\" \/>\n<link rel=\"canonical\" href=\"https:\/\/unibellemoveis.com.br\/en\/product\/balcao-retro\/\" \/>\n<meta property=\"og:locale\" content=\"en_US\" \/>\n<meta property=\"og:type\" content=\"article\" \/>\n<meta property=\"og:title\" content=\"Balc\u00e3o Retr\u00f4\u00a0 - Unibelle M\u00f3veis\" \/>\n<meta property=\"og:description\" content=\"Balc\u00e3o Retr\u00f4\u00a0 Descubra o aparador perfeito para complementar a decora\u00e7\u00e3o do seu ambiente. Com design moderno e vers\u00e1til. Adquira j\u00e1 o seu!\" \/>\n<meta property=\"og:url\" content=\"https:\/\/unibellemoveis.com.br\/en\/product\/balcao-retro\/\" \/>\n<meta property=\"og:site_name\" content=\"Unibelle M\u00f3veis\" \/>\n<meta property=\"article:modified_time\" content=\"2024-09-18T18:34:03+00:00\" \/>\n<meta property=\"og:image\" content=\"https:\/\/unibellemoveis.com.br\/wp-content\/uploads\/2024\/06\/25152530.webp\" \/>\n\t<meta property=\"og:image:width\" content=\"1000\" \/>\n\t<meta property=\"og:image:height\" content=\"1000\" \/>\n\t<meta property=\"og:image:type\" content=\"image\/webp\" \/>\n<meta name=\"twitter:card\" content=\"summary_large_image\" \/>\n<meta name=\"twitter:label1\" content=\"Est. reading time\" \/>\n\t<meta name=\"twitter:data1\" content=\"2 minutes\" \/>\n<script type=\"application\/ld+json\" class=\"yoast-schema-graph\">{\"@context\":\"https:\/\/schema.org\",\"@graph\":[{\"@type\":\"WebPage\",\"@id\":\"https:\/\/unibellemoveis.com.br\/produto\/balcao-retro\/\",\"url\":\"https:\/\/unibellemoveis.com.br\/produto\/balcao-retro\/\",\"name\":\"Balc\u00e3o Retr\u00f4\u00a0 - Unibelle M\u00f3veis\",\"isPartOf\":{\"@id\":\"https:\/\/unibellemoveis.com.br\/#website\"},\"primaryImageOfPage\":{\"@id\":\"https:\/\/unibellemoveis.com.br\/produto\/balcao-retro\/#primaryimage\"},\"image\":{\"@id\":\"https:\/\/unibellemoveis.com.br\/produto\/balcao-retro\/#primaryimage\"},\"thumbnailUrl\":\"https:\/\/unibellemoveis.com.br\/wp-content\/uploads\/2024\/06\/25152530.webp\",\"datePublished\":\"2024-09-18T18:17:53+00:00\",\"dateModified\":\"2024-09-18T18:34:03+00:00\",\"description\":\"Balc\u00e3o Retr\u00f4\u00a0 Descubra o aparador perfeito para complementar a decora\u00e7\u00e3o do seu ambiente. Com design moderno e vers\u00e1til. Adquira j\u00e1 o seu!\",\"breadcrumb\":{\"@id\":\"https:\/\/unibellemoveis.com.br\/produto\/balcao-retro\/#breadcrumb\"},\"inLanguage\":\"en-US\",\"potentialAction\":[{\"@type\":\"ReadAction\",\"target\":[\"https:\/\/unibellemoveis.com.br\/produto\/balcao-retro\/\"]}]},{\"@type\":\"ImageObject\",\"inLanguage\":\"en-US\",\"@id\":\"https:\/\/unibellemoveis.com.br\/produto\/balcao-retro\/#primaryimage\",\"url\":\"https:\/\/unibellemoveis.com.br\/wp-content\/uploads\/2024\/06\/25152530.webp\",\"contentUrl\":\"https:\/\/unibellemoveis.com.br\/wp-content\/uploads\/2024\/06\/25152530.webp\",\"width\":1000,\"height\":1000,\"caption\":\"Painel para TV\u00a0\"},{\"@type\":\"BreadcrumbList\",\"@id\":\"https:\/\/unibellemoveis.com.br\/produto\/balcao-retro\/#breadcrumb\",\"itemListElement\":[{\"@type\":\"ListItem\",\"position\":1,\"name\":\"In\u00edcio\",\"item\":\"https:\/\/unibellemoveis.com.br\/\"},{\"@type\":\"ListItem\",\"position\":2,\"name\":\"Produtos\",\"item\":\"https:\/\/unibellemoveis.com.br\/produtos\/\"},{\"@type\":\"ListItem\",\"position\":3,\"name\":\"Balc\u00e3o Retr\u00f4\u00a0\"}]},{\"@type\":\"WebSite\",\"@id\":\"https:\/\/unibellemoveis.com.br\/#website\",\"url\":\"https:\/\/unibellemoveis.com.br\/\",\"name\":\"Unibelle M\u00f3veis\",\"description\":\"Unibelle M\u00f3veis\",\"publisher\":{\"@id\":\"https:\/\/unibellemoveis.com.br\/#organization\"},\"potentialAction\":[{\"@type\":\"SearchAction\",\"target\":{\"@type\":\"EntryPoint\",\"urlTemplate\":\"https:\/\/unibellemoveis.com.br\/?s={search_term_string}\"},\"query-input\":{\"@type\":\"PropertyValueSpecification\",\"valueRequired\":true,\"valueName\":\"search_term_string\"}}],\"inLanguage\":\"en-US\"},{\"@type\":\"Organization\",\"@id\":\"https:\/\/unibellemoveis.com.br\/#organization\",\"name\":\"Unibele M\u00f3veis\",\"alternateName\":\"Unibele M\u00f3veis\",\"url\":\"https:\/\/unibellemoveis.com.br\/\",\"logo\":{\"@type\":\"ImageObject\",\"inLanguage\":\"en-US\",\"@id\":\"https:\/\/unibellemoveis.com.br\/#\/schema\/logo\/image\/\",\"url\":\"https:\/\/unibellemoveis.com.br\/wp-content\/uploads\/2024\/04\/Logo-02.webp\",\"contentUrl\":\"https:\/\/unibellemoveis.com.br\/wp-content\/uploads\/2024\/04\/Logo-02.webp\",\"width\":2363,\"height\":754,\"caption\":\"Unibele M\u00f3veis\"},\"image\":{\"@id\":\"https:\/\/unibellemoveis.com.br\/#\/schema\/logo\/image\/\"}}]}<\/script>\n<!-- \/ Yoast SEO plugin. -->","yoast_head_json":{"title":"Balc\u00e3o Retr\u00f4\u00a0 - Unibelle M\u00f3veis","description":"Balc\u00e3o Retr\u00f4\u00a0 Descubra o aparador perfeito para complementar a decora\u00e7\u00e3o do seu ambiente. Com design moderno e vers\u00e1til. Adquira j\u00e1 o seu!","robots":{"index":"index","follow":"follow","max-snippet":"max-snippet:-1","max-image-preview":"max-image-preview:large","max-video-preview":"max-video-preview:-1"},"canonical":"https:\/\/unibellemoveis.com.br\/en\/product\/balcao-retro\/","og_locale":"en_US","og_type":"article","og_title":"Balc\u00e3o Retr\u00f4\u00a0 - Unibelle M\u00f3veis","og_description":"Balc\u00e3o Retr\u00f4\u00a0 Descubra o aparador perfeito para complementar a decora\u00e7\u00e3o do seu ambiente. Com design moderno e vers\u00e1til. Adquira j\u00e1 o seu!","og_url":"https:\/\/unibellemoveis.com.br\/en\/product\/balcao-retro\/","og_site_name":"Unibelle M\u00f3veis","article_modified_time":"2024-09-18T18:34:03+00:00","og_image":[{"width":1000,"height":1000,"url":"https:\/\/unibellemoveis.com.br\/wp-content\/uploads\/2024\/06\/25152530.webp","type":"image\/webp"}],"twitter_card":"summary_large_image","twitter_misc":{"Est. reading time":"2 minutes"},"schema":{"@context":"https:\/\/schema.org","@graph":[{"@type":"WebPage","@id":"https:\/\/unibellemoveis.com.br\/produto\/balcao-retro\/","url":"https:\/\/unibellemoveis.com.br\/produto\/balcao-retro\/","name":"Balc\u00e3o Retr\u00f4\u00a0 - Unibelle M\u00f3veis","isPartOf":{"@id":"https:\/\/unibellemoveis.com.br\/#website"},"primaryImageOfPage":{"@id":"https:\/\/unibellemoveis.com.br\/produto\/balcao-retro\/#primaryimage"},"image":{"@id":"https:\/\/unibellemoveis.com.br\/produto\/balcao-retro\/#primaryimage"},"thumbnailUrl":"https:\/\/unibellemoveis.com.br\/wp-content\/uploads\/2024\/06\/25152530.webp","datePublished":"2024-09-18T18:17:53+00:00","dateModified":"2024-09-18T18:34:03+00:00","description":"Balc\u00e3o Retr\u00f4\u00a0 Descubra o aparador perfeito para complementar a decora\u00e7\u00e3o do seu ambiente. Com design moderno e vers\u00e1til. Adquira j\u00e1 o seu!","breadcrumb":{"@id":"https:\/\/unibellemoveis.com.br\/produto\/balcao-retro\/#breadcrumb"},"inLanguage":"en-US","potentialAction":[{"@type":"ReadAction","target":["https:\/\/unibellemoveis.com.br\/produto\/balcao-retro\/"]}]},{"@type":"ImageObject","inLanguage":"en-US","@id":"https:\/\/unibellemoveis.com.br\/produto\/balcao-retro\/#primaryimage","url":"https:\/\/unibellemoveis.com.br\/wp-content\/uploads\/2024\/06\/25152530.webp","contentUrl":"https:\/\/unibellemoveis.com.br\/wp-content\/uploads\/2024\/06\/25152530.webp","width":1000,"height":1000,"caption":"Painel para TV\u00a0"},{"@type":"BreadcrumbList","@id":"https:\/\/unibellemoveis.com.br\/produto\/balcao-retro\/#breadcrumb","itemListElement":[{"@type":"ListItem","position":1,"name":"In\u00edcio","item":"https:\/\/unibellemoveis.com.br\/"},{"@type":"ListItem","position":2,"name":"Produtos","item":"https:\/\/unibellemoveis.com.br\/produtos\/"},{"@type":"ListItem","position":3,"name":"Balc\u00e3o Retr\u00f4\u00a0"}]},{"@type":"WebSite","@id":"https:\/\/unibellemoveis.com.br\/#website","url":"https:\/\/unibellemoveis.com.br\/","name":"Unibelle Furniture","description":"Unibelle Furniture","publisher":{"@id":"https:\/\/unibellemoveis.com.br\/#organization"},"potentialAction":[{"@type":"SearchAction","target":{"@type":"EntryPoint","urlTemplate":"https:\/\/unibellemoveis.com.br\/?s={search_term_string}"},"query-input":{"@type":"PropertyValueSpecification","valueRequired":true,"valueName":"search_term_string"}}],"inLanguage":"en-US"},{"@type":"Organization","@id":"https:\/\/unibellemoveis.com.br\/#organization","name":"Unibele M\u00f3veis","alternateName":"Unibele M\u00f3veis","url":"https:\/\/unibellemoveis.com.br\/","logo":{"@type":"ImageObject","inLanguage":"en-US","@id":"https:\/\/unibellemoveis.com.br\/#\/schema\/logo\/image\/","url":"https:\/\/unibellemoveis.com.br\/wp-content\/uploads\/2024\/04\/Logo-02.webp","contentUrl":"https:\/\/unibellemoveis.com.br\/wp-content\/uploads\/2024\/04\/Logo-02.webp","width":2363,"height":754,"caption":"Unibele M\u00f3veis"},"image":{"@id":"https:\/\/unibellemoveis.com.br\/#\/schema\/logo\/image\/"}}]}},"_links":{"self":[{"href":"https:\/\/unibellemoveis.com.br\/en\/wp-json\/wp\/v2\/product\/2525","targetHints":{"allow":["GET"]}}],"collection":[{"href":"https:\/\/unibellemoveis.com.br\/en\/wp-json\/wp\/v2\/product"}],"about":[{"href":"https:\/\/unibellemoveis.com.br\/en\/wp-json\/wp\/v2\/types\/product"}],"replies":[{"embeddable":true,"href":"https:\/\/unibellemoveis.com.br\/en\/wp-json\/wp\/v2\/comments?post=2525"}],"version-history":[{"count":1,"href":"https:\/\/unibellemoveis.com.br\/en\/wp-json\/wp\/v2\/product\/2525\/revisions"}],"predecessor-version":[{"id":2528,"href":"https:\/\/unibellemoveis.com.br\/en\/wp-json\/wp\/v2\/product\/2525\/revisions\/2528"}],"wp:featuredmedia":[{"embeddable":true,"href":"https:\/\/unibellemoveis.com.br\/en\/wp-json\/wp\/v2\/media\/2522"}],"wp:attachment":[{"href":"https:\/\/unibellemoveis.com.br\/en\/wp-json\/wp\/v2\/media?parent=2525"}],"wp:term":[{"taxonomy":"product_brand","embeddable":true,"href":"https:\/\/unibellemoveis.com.br\/en\/wp-json\/wp\/v2\/product_brand?post=2525"},{"taxonomy":"product_cat","embeddable":true,"href":"https:\/\/unibellemoveis.com.br\/en\/wp-json\/wp\/v2\/product_cat?post=2525"},{"taxonomy":"product_tag","embeddable":true,"href":"https:\/\/unibellemoveis.com.br\/en\/wp-json\/wp\/v2\/product_tag?post=2525"}],"curies":[{"name":"wp","href":"https:\/\/api.w.org\/{rel}","templated":true}]}}

<!-- This site is optimized with the Yoast SEO plugin v26.0 - https://yoast.com/wordpress/plugins/seo/ -->
<title>Balcão Retrô  - Unibelle Móveis</title>
<meta name="description" content="Balcão Retrô  Descubra o aparador perfeito para complementar a decoração do seu ambiente. Com design moderno e versátil. Adquira já o seu!" />
<meta name="robots" content="index, follow, max-snippet:-1, max-image-preview:large, max-video-preview:-1" />
<link rel="canonical" href="https://unibellemoveis.com.br/en/product/balcao-retro/" />
<meta property="og:locale" content="en_US" />
<meta property="og:type" content="article" />
<meta property="og:title" content="Balcão Retrô  - Unibelle Móveis" />
<meta property="og:description" content="Balcão Retrô  Descubra o aparador perfeito para complementar a decoração do seu ambiente. Com design moderno e versátil. Adquira já o seu!" />
<meta property="og:url" content="https://unibellemoveis.com.br/en/product/balcao-retro/" />
<meta property="og:site_name" content="Unibelle Móveis" />
<meta property="article:modified_time" content="2024-09-18T18:34:03+00:00" />
<meta property="og:image" content="https://unibellemoveis.com.br/wp-content/uploads/2024/06/25152530.webp" />
	<meta property="og:image:width" content="1000" />
	<meta property="og:image:height" content="1000" />
	<meta property="og:image:type" content="image/webp" />
<meta name="twitter:card" content="summary_large_image" />
<meta name="twitter:label1" content="Est. reading time" />
	<meta name="twitter:data1" content="2 minutes" />
<script type="application/ld+json" class="yoast-schema-graph">{"@context":"https://schema.org","@graph":[{"@type":"WebPage","@id":"https://unibellemoveis.com.br/produto/balcao-retro/","url":"https://unibellemoveis.com.br/produto/balcao-retro/","name":"Balcão Retrô  - Unibelle Móveis","isPartOf":{"@id":"https://unibellemoveis.com.br/#website"},"primaryImageOfPage":{"@id":"https://unibellemoveis.com.br/produto/balcao-retro/#primaryimage"},"image":{"@id":"https://unibellemoveis.com.br/produto/balcao-retro/#primaryimage"},"thumbnailUrl":"https://unibellemoveis.com.br/wp-content/uploads/2024/06/25152530.webp","datePublished":"2024-09-18T18:17:53+00:00","dateModified":"2024-09-18T18:34:03+00:00","description":"Balcão Retrô  Descubra o aparador perfeito para complementar a decoração do seu ambiente. Com design moderno e versátil. Adquira já o seu!","breadcrumb":{"@id":"https://unibellemoveis.com.br/produto/balcao-retro/#breadcrumb"},"inLanguage":"en-US","potentialAction":[{"@type":"ReadAction","target":["https://unibellemoveis.com.br/produto/balcao-retro/"]}]},{"@type":"ImageObject","inLanguage":"en-US","@id":"https://unibellemoveis.com.br/produto/balcao-retro/#primaryimage","url":"https://unibellemoveis.com.br/wp-content/uploads/2024/06/25152530.webp","contentUrl":"https://unibellemoveis.com.br/wp-content/uploads/2024/06/25152530.webp","width":1000,"height":1000,"caption":"Painel para TV "},{"@type":"BreadcrumbList","@id":"https://unibellemoveis.com.br/produto/balcao-retro/#breadcrumb","itemListElement":[{"@type":"ListItem","position":1,"name":"Início","item":"https://unibellemoveis.com.br/"},{"@type":"ListItem","position":2,"name":"Produtos","item":"https://unibellemoveis.com.br/produtos/"},{"@type":"ListItem","position":3,"name":"Balcão Retrô "}]},{"@type":"WebSite","@id":"https://unibellemoveis.com.br/#website","url":"https://unibellemoveis.com.br/","name":"Unibelle Móveis","description":"Unibelle Móveis","publisher":{"@id":"https://unibellemoveis.com.br/#organization"},"potentialAction":[{"@type":"SearchAction","target":{"@type":"EntryPoint","urlTemplate":"https://unibellemoveis.com.br/?s={search_term_string}"},"query-input":{"@type":"PropertyValueSpecification","valueRequired":true,"valueName":"search_term_string"}}],"inLanguage":"en-US"},{"@type":"Organization","@id":"https://unibellemoveis.com.br/#organization","name":"Unibele Móveis","alternateName":"Unibele Móveis","url":"https://unibellemoveis.com.br/","logo":{"@type":"ImageObject","inLanguage":"en-US","@id":"https://unibellemoveis.com.br/#/schema/logo/image/","url":"https://unibellemoveis.com.br/wp-content/uploads/2024/04/Logo-02.webp","contentUrl":"https://unibellemoveis.com.br/wp-content/uploads/2024/04/Logo-02.webp","width":2363,"height":754,"caption":"Unibele Móveis"},"image":{"@id":"https://unibellemoveis.com.br/#/schema/logo/image/"}}]}</script>
<!-- / Yoast SEO plugin. -->

Balcão Retrô  - Unibelle Móveis

Balcão Retrô  Descubra o aparador perfeito para complementar a decoração do seu ambiente. Com design moderno e versátil. Adquira já o seu!

Unibelle Móveis

Início

Balcão Retrô

Unibele Móveis
