{"id":2763,"date":"2025-07-23T22:58:03","date_gmt":"2025-07-24T01:58:03","guid":{"rendered":"https:\/\/unibellemoveis.com.br\/produto\/aparador-alfeu-3-portas\/"},"modified":"2025-08-05T15:50:06","modified_gmt":"2025-08-05T18:50:06","slug":"aparador-alfeu-con-3-puertas","status":"publish","type":"product","link":"https:\/\/unibellemoveis.com.br\/es\/producto\/aparador-alfeu-con-3-puertas\/","title":{"rendered":"Aparador Alfeu de 3 puertas"},"content":{"rendered":"<p>El aparador Alfeu de 3 puertas es la opci\u00f3n ideal para quienes buscan combinar funcionalidad y elegancia en su decoraci\u00f3n. Con un dise\u00f1o contempor\u00e1neo y l\u00edneas definidas, esta pieza destaca por su amplio espacio interior distribuido en tres puertas, que ofrece organizaci\u00f3n y practicidad para guardar vajilla, objetos decorativos, libros o cualquier otra cosa que prefieras. Fabricado con materiales de alta calidad, este aparador garantiza durabilidad, estabilidad y un aspecto sofisticado para cualquier estancia de la casa, ya sea la sala, el comedor o la entrada. \u00a1Transforma tu espacio con el aparador Alfeu de 3 puertas y a\u00f1ade m\u00e1s belleza, utilidad y encanto a tu hogar!<\/p>","protected":false},"excerpt":{"rendered":"<p>Aparador Alfeu de 3 puertas: Perfecto para quienes buscan practicidad y sofisticaci\u00f3n en su sala, comedor o recibidor. Dise\u00f1o moderno y amplio espacio interior para guardar objetos, vajilla y utensilios.<\/p>","protected":false},"featured_media":2789,"comment_status":"open","ping_status":"closed","template":"","meta":{"_joinchat":[]},"product_brand":[],"product_cat":[170,169],"product_tag":[],"class_list":{"0":"post-2763","1":"product","2":"type-product","3":"status-publish","4":"has-post-thumbnail","6":"product_cat-aparador","7":"product_cat-sala-de-jantar","9":"first","10":"instock","11":"shipping-taxable","12":"purchasable","13":"product-type-simple"},"yoast_head":"<!-- This site is optimized with the Yoast SEO plugin v26.0 - https:\/\/yoast.com\/wordpress\/plugins\/seo\/ -->\n<title>Aparador Alfeu 3 portas - Unibelle M\u00f3veis<\/title>\n<meta name=\"robots\" content=\"index, follow, max-snippet:-1, max-image-preview:large, max-video-preview:-1\" \/>\n<link rel=\"canonical\" href=\"https:\/\/unibellemoveis.com.br\/es\/producto\/aparador-alfeu-con-3-puertas\/\" \/>\n<meta property=\"og:locale\" content=\"es_ES\" \/>\n<meta property=\"og:type\" content=\"article\" \/>\n<meta property=\"og:title\" content=\"Aparador Alfeu 3 portas - Unibelle M\u00f3veis\" \/>\n<meta property=\"og:description\" content=\"Aparador Alfeu 3 Portas: perfeito para quem busca praticidade e sofistica\u00e7\u00e3o na sala de estar, sala de jantar ou hall de entrada. Design moderno e amplo espa\u00e7o interno para armazenar objetos, lou\u00e7as e utens\u00edlios.\" \/>\n<meta property=\"og:url\" content=\"https:\/\/unibellemoveis.com.br\/es\/producto\/aparador-alfeu-con-3-puertas\/\" \/>\n<meta property=\"og:site_name\" content=\"Unibelle M\u00f3veis\" \/>\n<meta property=\"article:modified_time\" content=\"2025-08-05T18:50:06+00:00\" \/>\n<meta property=\"og:image\" content=\"https:\/\/unibellemoveis.com.br\/wp-content\/uploads\/2024\/04\/Logo-02.webp\" \/>\n\t<meta property=\"og:image:width\" content=\"2363\" \/>\n\t<meta property=\"og:image:height\" content=\"754\" \/>\n\t<meta property=\"og:image:type\" content=\"image\/webp\" \/>\n<meta name=\"twitter:card\" content=\"summary_large_image\" \/>\n<meta name=\"twitter:label1\" content=\"Tiempo de lectura\" \/>\n\t<meta name=\"twitter:data1\" content=\"1 minuto\" \/>\n<script type=\"application\/ld+json\" class=\"yoast-schema-graph\">{\"@context\":\"https:\/\/schema.org\",\"@graph\":[{\"@type\":\"WebPage\",\"@id\":\"https:\/\/unibellemoveis.com.br\/produto\/aparador-alfeu-3-portas\/\",\"url\":\"https:\/\/unibellemoveis.com.br\/produto\/aparador-alfeu-3-portas\/\",\"name\":\"Aparador Alfeu 3 portas - Unibelle M\u00f3veis\",\"isPartOf\":{\"@id\":\"https:\/\/unibellemoveis.com.br\/#website\"},\"primaryImageOfPage\":{\"@id\":\"https:\/\/unibellemoveis.com.br\/produto\/aparador-alfeu-3-portas\/#primaryimage\"},\"image\":{\"@id\":\"https:\/\/unibellemoveis.com.br\/produto\/aparador-alfeu-3-portas\/#primaryimage\"},\"thumbnailUrl\":\"https:\/\/unibellemoveis.com.br\/wp-content\/uploads\/2025\/08\/2772-aoarador-fi-01-dakar-grafite-688193cd16062-1.jpg\",\"datePublished\":\"2025-07-24T01:58:03+00:00\",\"dateModified\":\"2025-08-05T18:50:06+00:00\",\"breadcrumb\":{\"@id\":\"https:\/\/unibellemoveis.com.br\/produto\/aparador-alfeu-3-portas\/#breadcrumb\"},\"inLanguage\":\"es\",\"potentialAction\":[{\"@type\":\"ReadAction\",\"target\":[\"https:\/\/unibellemoveis.com.br\/produto\/aparador-alfeu-3-portas\/\"]}]},{\"@type\":\"ImageObject\",\"inLanguage\":\"es\",\"@id\":\"https:\/\/unibellemoveis.com.br\/produto\/aparador-alfeu-3-portas\/#primaryimage\",\"url\":\"https:\/\/unibellemoveis.com.br\/wp-content\/uploads\/2025\/08\/2772-aoarador-fi-01-dakar-grafite-688193cd16062-1.jpg\",\"contentUrl\":\"https:\/\/unibellemoveis.com.br\/wp-content\/uploads\/2025\/08\/2772-aoarador-fi-01-dakar-grafite-688193cd16062-1.jpg\",\"width\":1000,\"height\":1000},{\"@type\":\"BreadcrumbList\",\"@id\":\"https:\/\/unibellemoveis.com.br\/produto\/aparador-alfeu-3-portas\/#breadcrumb\",\"itemListElement\":[{\"@type\":\"ListItem\",\"position\":1,\"name\":\"In\u00edcio\",\"item\":\"https:\/\/unibellemoveis.com.br\/\"},{\"@type\":\"ListItem\",\"position\":2,\"name\":\"Produtos\",\"item\":\"https:\/\/unibellemoveis.com.br\/produtos\/\"},{\"@type\":\"ListItem\",\"position\":3,\"name\":\"Aparador Alfeu 3 portas\"}]},{\"@type\":\"WebSite\",\"@id\":\"https:\/\/unibellemoveis.com.br\/#website\",\"url\":\"https:\/\/unibellemoveis.com.br\/\",\"name\":\"Unibelle M\u00f3veis\",\"description\":\"Unibelle M\u00f3veis\",\"publisher\":{\"@id\":\"https:\/\/unibellemoveis.com.br\/#organization\"},\"potentialAction\":[{\"@type\":\"SearchAction\",\"target\":{\"@type\":\"EntryPoint\",\"urlTemplate\":\"https:\/\/unibellemoveis.com.br\/?s={search_term_string}\"},\"query-input\":{\"@type\":\"PropertyValueSpecification\",\"valueRequired\":true,\"valueName\":\"search_term_string\"}}],\"inLanguage\":\"es\"},{\"@type\":\"Organization\",\"@id\":\"https:\/\/unibellemoveis.com.br\/#organization\",\"name\":\"Unibele M\u00f3veis\",\"alternateName\":\"Unibele M\u00f3veis\",\"url\":\"https:\/\/unibellemoveis.com.br\/\",\"logo\":{\"@type\":\"ImageObject\",\"inLanguage\":\"es\",\"@id\":\"https:\/\/unibellemoveis.com.br\/#\/schema\/logo\/image\/\",\"url\":\"https:\/\/unibellemoveis.com.br\/wp-content\/uploads\/2024\/04\/Logo-02.webp\",\"contentUrl\":\"https:\/\/unibellemoveis.com.br\/wp-content\/uploads\/2024\/04\/Logo-02.webp\",\"width\":2363,\"height\":754,\"caption\":\"Unibele M\u00f3veis\"},\"image\":{\"@id\":\"https:\/\/unibellemoveis.com.br\/#\/schema\/logo\/image\/\"}}]}<\/script>\n<!-- \/ Yoast SEO plugin. -->","yoast_head_json":{"title":"Aparador Alfeu de 3 puertas - Muebles Unibelle","robots":{"index":"index","follow":"follow","max-snippet":"max-snippet:-1","max-image-preview":"max-image-preview:large","max-video-preview":"max-video-preview:-1"},"canonical":"https:\/\/unibellemoveis.com.br\/es\/producto\/aparador-alfeu-con-3-puertas\/","og_locale":"es_ES","og_type":"article","og_title":"Aparador Alfeu 3 portas - Unibelle M\u00f3veis","og_description":"Aparador Alfeu 3 Portas: perfeito para quem busca praticidade e sofistica\u00e7\u00e3o na sala de estar, sala de jantar ou hall de entrada. Design moderno e amplo espa\u00e7o interno para armazenar objetos, lou\u00e7as e utens\u00edlios.","og_url":"https:\/\/unibellemoveis.com.br\/es\/producto\/aparador-alfeu-con-3-puertas\/","og_site_name":"Unibelle M\u00f3veis","article_modified_time":"2025-08-05T18:50:06+00:00","og_image":[{"width":2363,"height":754,"url":"https:\/\/unibellemoveis.com.br\/wp-content\/uploads\/2024\/04\/Logo-02.webp","type":"image\/webp"}],"twitter_card":"summary_large_image","twitter_misc":{"Tiempo de lectura":"1 minuto"},"schema":{"@context":"https:\/\/schema.org","@graph":[{"@type":"WebPage","@id":"https:\/\/unibellemoveis.com.br\/produto\/aparador-alfeu-3-portas\/","url":"https:\/\/unibellemoveis.com.br\/produto\/aparador-alfeu-3-portas\/","name":"Aparador Alfeu de 3 puertas - Muebles Unibelle","isPartOf":{"@id":"https:\/\/unibellemoveis.com.br\/#website"},"primaryImageOfPage":{"@id":"https:\/\/unibellemoveis.com.br\/produto\/aparador-alfeu-3-portas\/#primaryimage"},"image":{"@id":"https:\/\/unibellemoveis.com.br\/produto\/aparador-alfeu-3-portas\/#primaryimage"},"thumbnailUrl":"https:\/\/unibellemoveis.com.br\/wp-content\/uploads\/2025\/08\/2772-aoarador-fi-01-dakar-grafite-688193cd16062-1.jpg","datePublished":"2025-07-24T01:58:03+00:00","dateModified":"2025-08-05T18:50:06+00:00","breadcrumb":{"@id":"https:\/\/unibellemoveis.com.br\/produto\/aparador-alfeu-3-portas\/#breadcrumb"},"inLanguage":"es","potentialAction":[{"@type":"ReadAction","target":["https:\/\/unibellemoveis.com.br\/produto\/aparador-alfeu-3-portas\/"]}]},{"@type":"ImageObject","inLanguage":"es","@id":"https:\/\/unibellemoveis.com.br\/produto\/aparador-alfeu-3-portas\/#primaryimage","url":"https:\/\/unibellemoveis.com.br\/wp-content\/uploads\/2025\/08\/2772-aoarador-fi-01-dakar-grafite-688193cd16062-1.jpg","contentUrl":"https:\/\/unibellemoveis.com.br\/wp-content\/uploads\/2025\/08\/2772-aoarador-fi-01-dakar-grafite-688193cd16062-1.jpg","width":1000,"height":1000},{"@type":"BreadcrumbList","@id":"https:\/\/unibellemoveis.com.br\/produto\/aparador-alfeu-3-portas\/#breadcrumb","itemListElement":[{"@type":"ListItem","position":1,"name":"In\u00edcio","item":"https:\/\/unibellemoveis.com.br\/"},{"@type":"ListItem","position":2,"name":"Produtos","item":"https:\/\/unibellemoveis.com.br\/produtos\/"},{"@type":"ListItem","position":3,"name":"Aparador Alfeu 3 portas"}]},{"@type":"WebSite","@id":"https:\/\/unibellemoveis.com.br\/#website","url":"https:\/\/unibellemoveis.com.br\/","name":"Muebles Unibelle","description":"Muebles Unibelle","publisher":{"@id":"https:\/\/unibellemoveis.com.br\/#organization"},"potentialAction":[{"@type":"SearchAction","target":{"@type":"EntryPoint","urlTemplate":"https:\/\/unibellemoveis.com.br\/?s={search_term_string}"},"query-input":{"@type":"PropertyValueSpecification","valueRequired":true,"valueName":"search_term_string"}}],"inLanguage":"es"},{"@type":"Organization","@id":"https:\/\/unibellemoveis.com.br\/#organization","name":"Unibele M\u00f3veis","alternateName":"Unibele M\u00f3veis","url":"https:\/\/unibellemoveis.com.br\/","logo":{"@type":"ImageObject","inLanguage":"es","@id":"https:\/\/unibellemoveis.com.br\/#\/schema\/logo\/image\/","url":"https:\/\/unibellemoveis.com.br\/wp-content\/uploads\/2024\/04\/Logo-02.webp","contentUrl":"https:\/\/unibellemoveis.com.br\/wp-content\/uploads\/2024\/04\/Logo-02.webp","width":2363,"height":754,"caption":"Unibele M\u00f3veis"},"image":{"@id":"https:\/\/unibellemoveis.com.br\/#\/schema\/logo\/image\/"}}]}},"_links":{"self":[{"href":"https:\/\/unibellemoveis.com.br\/es\/wp-json\/wp\/v2\/product\/2763","targetHints":{"allow":["GET"]}}],"collection":[{"href":"https:\/\/unibellemoveis.com.br\/es\/wp-json\/wp\/v2\/product"}],"about":[{"href":"https:\/\/unibellemoveis.com.br\/es\/wp-json\/wp\/v2\/types\/product"}],"replies":[{"embeddable":true,"href":"https:\/\/unibellemoveis.com.br\/es\/wp-json\/wp\/v2\/comments?post=2763"}],"version-history":[{"count":1,"href":"https:\/\/unibellemoveis.com.br\/es\/wp-json\/wp\/v2\/product\/2763\/revisions"}],"predecessor-version":[{"id":2764,"href":"https:\/\/unibellemoveis.com.br\/es\/wp-json\/wp\/v2\/product\/2763\/revisions\/2764"}],"wp:featuredmedia":[{"embeddable":true,"href":"https:\/\/unibellemoveis.com.br\/es\/wp-json\/wp\/v2\/media\/2789"}],"wp:attachment":[{"href":"https:\/\/unibellemoveis.com.br\/es\/wp-json\/wp\/v2\/media?parent=2763"}],"wp:term":[{"taxonomy":"product_brand","embeddable":true,"href":"https:\/\/unibellemoveis.com.br\/es\/wp-json\/wp\/v2\/product_brand?post=2763"},{"taxonomy":"product_cat","embeddable":true,"href":"https:\/\/unibellemoveis.com.br\/es\/wp-json\/wp\/v2\/product_cat?post=2763"},{"taxonomy":"product_tag","embeddable":true,"href":"https:\/\/unibellemoveis.com.br\/es\/wp-json\/wp\/v2\/product_tag?post=2763"}],"curies":[{"name":"wp","href":"https:\/\/api.w.org\/{rel}","templated":true}]}}

<p>El aparador Alfeu de 3 puertas es la opción ideal para quienes buscan combinar funcionalidad y elegancia en su decoración. Con un diseño contemporáneo y líneas definidas, esta pieza destaca por su amplio espacio interior distribuido en tres puertas, que ofrece organización y practicidad para guardar vajilla, objetos decorativos, libros o cualquier otra cosa que prefieras. Fabricado con materiales de alta calidad, este aparador garantiza durabilidad, estabilidad y un aspecto sofisticado para cualquier estancia de la casa, ya sea la sala, el comedor o la entrada. ¡Transforma tu espacio con el aparador Alfeu de 3 puertas y añade más belleza, utilidad y encanto a tu hogar!</p>

<p>Aparador Alfeu de 3 puertas: Perfecto para quienes buscan practicidad y sofisticación en su sala, comedor o recibidor. Diseño moderno y amplio espacio interior para guardar objetos, vajilla y utensilios.</p>

<!-- This site is optimized with the Yoast SEO plugin v26.0 - https://yoast.com/wordpress/plugins/seo/ -->
<title>Aparador Alfeu 3 portas - Unibelle Móveis</title>
<meta name="robots" content="index, follow, max-snippet:-1, max-image-preview:large, max-video-preview:-1" />
<link rel="canonical" href="https://unibellemoveis.com.br/es/producto/aparador-alfeu-con-3-puertas/" />
<meta property="og:locale" content="es_ES" />
<meta property="og:type" content="article" />
<meta property="og:title" content="Aparador Alfeu 3 portas - Unibelle Móveis" />
<meta property="og:description" content="Aparador Alfeu 3 Portas: perfeito para quem busca praticidade e sofisticação na sala de estar, sala de jantar ou hall de entrada. Design moderno e amplo espaço interno para armazenar objetos, louças e utensílios." />
<meta property="og:url" content="https://unibellemoveis.com.br/es/producto/aparador-alfeu-con-3-puertas/" />
<meta property="og:site_name" content="Unibelle Móveis" />
<meta property="article:modified_time" content="2025-08-05T18:50:06+00:00" />
<meta property="og:image" content="https://unibellemoveis.com.br/wp-content/uploads/2024/04/Logo-02.webp" />
	<meta property="og:image:width" content="2363" />
	<meta property="og:image:height" content="754" />
	<meta property="og:image:type" content="image/webp" />
<meta name="twitter:card" content="summary_large_image" />
<meta name="twitter:label1" content="Tiempo de lectura" />
	<meta name="twitter:data1" content="1 minuto" />
<script type="application/ld+json" class="yoast-schema-graph">{"@context":"https://schema.org","@graph":[{"@type":"WebPage","@id":"https://unibellemoveis.com.br/produto/aparador-alfeu-3-portas/","url":"https://unibellemoveis.com.br/produto/aparador-alfeu-3-portas/","name":"Aparador Alfeu 3 portas - Unibelle Móveis","isPartOf":{"@id":"https://unibellemoveis.com.br/#website"},"primaryImageOfPage":{"@id":"https://unibellemoveis.com.br/produto/aparador-alfeu-3-portas/#primaryimage"},"image":{"@id":"https://unibellemoveis.com.br/produto/aparador-alfeu-3-portas/#primaryimage"},"thumbnailUrl":"https://unibellemoveis.com.br/wp-content/uploads/2025/08/2772-aoarador-fi-01-dakar-grafite-688193cd16062-1.jpg","datePublished":"2025-07-24T01:58:03+00:00","dateModified":"2025-08-05T18:50:06+00:00","breadcrumb":{"@id":"https://unibellemoveis.com.br/produto/aparador-alfeu-3-portas/#breadcrumb"},"inLanguage":"es","potentialAction":[{"@type":"ReadAction","target":["https://unibellemoveis.com.br/produto/aparador-alfeu-3-portas/"]}]},{"@type":"ImageObject","inLanguage":"es","@id":"https://unibellemoveis.com.br/produto/aparador-alfeu-3-portas/#primaryimage","url":"https://unibellemoveis.com.br/wp-content/uploads/2025/08/2772-aoarador-fi-01-dakar-grafite-688193cd16062-1.jpg","contentUrl":"https://unibellemoveis.com.br/wp-content/uploads/2025/08/2772-aoarador-fi-01-dakar-grafite-688193cd16062-1.jpg","width":1000,"height":1000},{"@type":"BreadcrumbList","@id":"https://unibellemoveis.com.br/produto/aparador-alfeu-3-portas/#breadcrumb","itemListElement":[{"@type":"ListItem","position":1,"name":"Início","item":"https://unibellemoveis.com.br/"},{"@type":"ListItem","position":2,"name":"Produtos","item":"https://unibellemoveis.com.br/produtos/"},{"@type":"ListItem","position":3,"name":"Aparador Alfeu 3 portas"}]},{"@type":"WebSite","@id":"https://unibellemoveis.com.br/#website","url":"https://unibellemoveis.com.br/","name":"Unibelle Móveis","description":"Unibelle Móveis","publisher":{"@id":"https://unibellemoveis.com.br/#organization"},"potentialAction":[{"@type":"SearchAction","target":{"@type":"EntryPoint","urlTemplate":"https://unibellemoveis.com.br/?s={search_term_string}"},"query-input":{"@type":"PropertyValueSpecification","valueRequired":true,"valueName":"search_term_string"}}],"inLanguage":"es"},{"@type":"Organization","@id":"https://unibellemoveis.com.br/#organization","name":"Unibele Móveis","alternateName":"Unibele Móveis","url":"https://unibellemoveis.com.br/","logo":{"@type":"ImageObject","inLanguage":"es","@id":"https://unibellemoveis.com.br/#/schema/logo/image/","url":"https://unibellemoveis.com.br/wp-content/uploads/2024/04/Logo-02.webp","contentUrl":"https://unibellemoveis.com.br/wp-content/uploads/2024/04/Logo-02.webp","width":2363,"height":754,"caption":"Unibele Móveis"},"image":{"@id":"https://unibellemoveis.com.br/#/schema/logo/image/"}}]}</script>
<!-- / Yoast SEO plugin. -->

Aparador Alfeu 3 portas - Unibelle Móveis

Aparador Alfeu 3 Portas: perfeito para quem busca praticidade e sofisticação na sala de estar, sala de jantar ou hall de entrada. Design moderno e amplo espaço interno para armazenar objetos, louças e utensílios.

Unibelle Móveis

Início

Unibele Móveis
